2*f - 66 + 64 - 7*f**3 + 2*f**3. Let s be k(-1). Suppose -2*v - 32 = -4*g, 7*g - s*v - 17 = 4*g. What are the prime factors of g?
3
Let c be 10*(-4)/(-10) + 5. Suppose -53 = -2*l - c. List the prime factors of l.
2, 11
Let o(b) = -16*b + 190. List the prime factors of o(-14).
2, 3, 23
Suppose 0 = -6*i - 0*i + 18. Suppose i*x - 369 = -6*p + 2*p, -3*p = -3*x + 348. List the prime factors of x.
7, 17
Let c = -16 + 33. Suppose -a - x = -c, -x + 45 + 32 = 5*a. List the prime factors of a.
3, 5
Let d(w) = -w**3 - 4*w**2 + 4*w + 1. Suppose y = 4*m - y + 22, 0 = 3*y - 3. Let p be d(m). What are the prime factors of 8/p*(-165)/(-10)?
2, 11
Let m = 66 - 64. Suppose -4*a + m*z - z + 1074 = 0, -3*a + 2*z = -803. List the prime factors of a.
269
Let l(z) = 2*z**2 - 2*z - 1. Let j be l(2). Let h be 2 + 2 + -7 - 90/(-3). Suppose j*r + 50 = 8*r + 4*b, -2*r - 3*b = -h. What are the prime factors of r?
2, 3
Suppose -10 - 2 = -4*g. Suppose -g*i = -8*i - 30. Let x = i + 29. List the prime factors of x.
23
Suppose -5*d + 50 = -0*d. Let b be (56/35)/(2/d). Suppose -4*p + 3*n + 64 = 0, -b = 3*p + 4*n - 31. List the prime factors of p.
13
Let c be 1/(-4) - (-4050)/40. Let j = c - 54. What are the prime factors of j?
47
Suppose -18 = -3*n - 4*h, 0 = -2*n + 3*h + 51 - 22. Let j = n - 7. Suppose 0 = -j*r + 82 + 5. What are the prime factors of r?
29
Suppose 3*a - 8*a - 2*t - 374 = 0, 3*a + 2*t = -226. Let k = -25 - a. Suppose -2*d + k + 75 = 0. List the prime factors of d.
2, 31
What are the prime factors of (-1072)/(-3)*-15*(-6)/15?
2, 67
Suppose 5*q + 4*a = 1901 + 72, 1179 = 3*q + 4*a. Suppose -5*v = -3*l - q, 5*v + 5*l - 155 = 250. List the prime factors of v.
2, 5
Let a = 10 + 380. Let l = -222 + a. List the prime factors of l.
2, 3, 7
Suppose 0 = 14*x - 23*x + 1746. List the prime factors of x.
2, 97
Suppose -2*q + 4*q = -232. Let h = q - -186. List the prime factors of h*3/(5 - -1).
5, 7
Let i(u) = 3*u**2 - 11*u + 5. Let h(a) = 4*a**2 - 10*a + 6. Let w(y) = -2*h(y) + 3*i(y). Let z be w(13). Suppose z*g = -20 + 137. List the prime factors of g.
3, 13
Let i = -750 + 1152. List the prime factors of i.
2, 3, 67
Let c = 9 + -1. Suppose -5*w + d - c = 0, -5*w + 9 = 4*d + 27. List the prime factors of (36/21)/(w/(-14)).
2, 3
Let g(z) = 15*z**2 + 5*z - 57. Let t(f) = -8*f**2 - 3*f + 28. Let a(v) = 3*g(v) + 5*t(v). List the prime factors of a(-7).
2, 107
What are the prime factors of 58221/81 + 6/27?
719
Let x(o) be the second derivative of o**5/20 - o**4/2 - 2*o**3/3 + 15*o**2/2 + 11*o. List the prime factors of x(7).
2, 3
Let a = -108 - -838. Suppose a = 6*z + 292. What are the prime factors of z?
73
Let w(a) = -a - 13. Let f be w(-7). List the prime factors of (-63)/f*(-10)/(-3).
5, 7
Suppose 12*u = 7*u - 30. Let t be (-82)/u + (-2)/(-6). Suppose -3*b + t = -b. What are the prime factors of b?
7
Let s = 209 - -2071. List the prime factors of s.
2, 3, 5, 19
Suppose -m + 3*a - 4*a + 145 = 0, -a - 293 = -2*m. Suppose -4*o - m = -s + 1, -o = -4*s + 528. What are the prime factors of s?
131
Let p = 51 - 44. Suppose p*b - 2 = -v + 4*b, -v - 5*b = 0. List the prime factors of v.
5
Let q(o) = -13*o - 4. Let c be (2*(-2)/(-4))/((-11)/55). List the prime factors of q(c).
61
Suppose 9*h - 29 = -2. What are the prime factors of ((-226)/h)/(-2)*3?
113
Let m = -3410 - -8666. List the prime factors of m.
2, 3, 73
Let b(x) = 817*x - 928. List the prime factors of b(6).
2, 1987
What are the prime factors of (-1)/(-18)*-3 + 116650/60?
2, 3
Let f(x) = 38*x**2 - x + 1. Let b be f(2). Suppose -3*j - 43 = -b. What are the prime factors of j?
2, 3
Suppose 0*o - 24 = 4*o. What are the prime factors of ((-2)/(-3))/(o/(-324))?
2, 3
Suppose -2*r - 8 = 0, 7*o = 2*o - 5*r + 415. Let d = o + -38. List the prime factors of d.
7
Let s(j) = -1164*j - 253. List the prime factors of s(-3).
41, 79
Let d = -690 + 1645. List the prime factors of d.
5, 191
Suppose -61*y + 164123 = 50358. What are the prime factors of y?
5, 373
Let d be 2/(-15) + (-258)/90. What are the prime factors of ((-68)/4)/(1/d)?
3, 17
Suppose 8273 = 6*m + 785. What are the prime factors of m?
2, 3, 13
List the prime factors of -5 - (-15)/1 - -205.
5, 43
Let i = 203 - 152. Let b = 141 - i. List the prime factors of b.
2, 3, 5
Let v(q) = -2*q - 9. Let s = -12 - -8. Let w be v(s). Let k(a) = 22*a**2 + 3*a + 1. List the prime factors of k(w).
2, 5
Suppose -4 = -2*l + 2. Suppose 3*q - l = -3*f + 3, 3*q = 2*f + 21. Let a = f - -26. List the prime factors of a.
23
Let w(h) = -5*h**2 + 3*h - 1. Let f be w(2). Let b be f*-6*(-8)/(-60). Suppose 4*i = b, 2*i - 141 = -4*g + 5. What are the prime factors of g?
5, 7
Let p be 31/7 + 9/(-21). Suppose -2*g + p*s = -107 - 7, -g + 57 = -4*s. What are the prime factors of g?
3, 19
Suppose 0 = -5*o + 90 + 85. Suppose -7 = 4*w - o. List the prime factors of w.
7
Let w(f) = f + 13. Let h be w(-13). Suppose h = -4*p + 5*p - 8. List the prime factors of (p/6)/(-2)*-9.
2, 3
Let r = -32 - -36. Suppose r*u + 324 = 5*t - 0*u, 2*u = 3*t - 194. List the prime factors of t.
2
What are the prime factors of (((-192)/30)/2)/((-4)/590)?
2, 59
Let y = -3 - 1. Let v = -1 - y. What are the prime factors of (-42)/4*(-4)/v?
2, 7
Let o(w) = -w**3 + 17*w**2 - 16*w + 2. What are the prime factors of o(7)?
2, 5, 19
Suppose 16*b = 12*b - 72. Let x = 9 + b. Let j = 12 + x. List the prime factors of j.
3
Let w(u) = -u**3 - 10*u**2 - 7*u - 3. Let q be w(-11). Let p be q/(-45) - 1/(-3). Let f = 42 + p. List the prime factors of f.
2, 19
Suppose 4*j + 2*x + 57 = 3*x, 4*j + 51 = -5*x. Let v = 33 + j. What are the prime factors of v + (1 - 0 - -1)?
3, 7
Suppose u + 10 - 72 = 0. Let s = 94 - u. Suppose 3*x = s + 79. List the prime factors of x.
37
Let k(n) = -3*n**2 + 16*n + 12. Let h(p) = p**2. Let x(j) = -4*h(j) - k(j). Let q = 8 - 16. List the prime factors of x(q).
2, 13
Let i = 14 - 14. Suppose 2*g = -0*w - w, -3*g - 5*w - 14 = i. List the prime factors of g.
2
Suppose -3486 + 14598 = 2*h. What are the prime factors of h?
2, 3, 463
Let x(q) = 2*q**2 - 12*q - 9. Let w be x(7). Suppose -152 = -w*j + j. What are the prime factors of j?
2, 19
Let w = 18 + -16. Suppose -342 = -4*q - w*a + 574, 5*q - 3*a - 1156 = 0. What are the prime factors of q?
2, 5, 23
Suppose -4*a + 6 = 4*p - 2*p, 0 = 3*a - 2*p + 6. Suppose a*u = -5*u - 625. Let f = u - -175. What are the prime factors of f?
2, 5
Let w = 1257 - 579. List the prime factors of w.
2, 3, 113
Let x(v) = 37*v + 482. List the prime factors of x(-11).
3, 5
Suppose 0 = 7*t - 10*t + 6. Suppose -t*y - y = b - 202, 3*b = -4*y + 276. What are the prime factors of y?
2, 3, 11
Let u = 58 - 35. Suppose 3*l = -4*x - u, 0*x + 9 = -x - 4*l. Let z(a) = -3*a. List the prime factors of z(x).
3, 5
Let v = 4 + 8. Let p be v/(-54) - 47/(-9). Suppose 0 = -0*x - 3*x - y + 159, -x - p*y + 53 = 0. What are the prime factors of x?
53
Let b = 1366 - 78. What are the prime factors of b/34 + 20/170?
2, 19
Suppose -c = 3*c - 12. Suppose -89 = 3*f - 2*n - 358, -c*f + n + 265 = 0. What are the prime factors of f?
3, 29
Let r = 465 + -199. What are the prime factors of r?
2, 7, 19
Let s(p) = p**3 - 9*p**2 - p + 13. Let w = 28 + -19. Let v be s(w). Suppose i + i - 89 = -5*u, -i = v*u - 70. What are the prime factors of u?
17
Let l = -9 - -25. Suppose -4*z + 244 = 5*n - 75, 3*n - 188 = z. Let f = n - l. List the prime factors of f.
47
Suppose 0 = 2*m - 3*g - 731, -4*m = -9*m + 3*g + 1814. Let i = m + -211. List the prime factors of i.
2, 3, 5
Let l be (-50)/75*39*-1. Suppose 0 = -2*o - 5*t + l, -4*t + 38 = 5*o - 5*t. List the prime factors of o.
2
Let j = -825 - -938. List the prime factors of j.
113
Suppose f + 0 + 4 = -4*c, 0 = 4*f + 2*c - 12. Suppose 3*s - 936 = -4*k - s, -4*s = -f*k + 928. What are the prime factors of k?
233
Suppose 3*h = -2 + 8. Suppose -5*v = h*x - 172, 2*v = 3*v - 2. List the prime factors of x.
3
Let u = 6393 + -2678. What are the prime factors of u?
5, 743
Let x(u) = 6*u**2 - 1. Let b be x(-1). Suppose v + 8 = b*v. Suppose 0 = -6*c + v*c + 148. List the prime factors of c.
37
Suppose -c = 5*d - 4*c + 96, -5*d + 5*c - 100 = 0. Let f be d/(-63)*(-7)/(-2). Suppose 5*n - 89 = f. List the prime factors of n.
2, 3
Let j(z) = 5*z - 49. Let y be j(7). List the prime factors of ((-120)/(-7))/(y/(-9